 x*d. Calculate the greatest common factor of c and d.
16
Suppose 3*l - l - 392 = 0. Suppose -13 = 184*y - 185*y. Let q(f) = f**3 - 11*f**2 - 26*f + 28. Let n be q(y). Calculate the highest common divisor of l and n.
28
Let f = 20 + 2. Let s(w) = -w**3 - 10*w - 1. Let d be s(-2). Let j = 269 - d. What is the highest common factor of j and f?
22
Let k = -1075 + 2095. Suppose 22*s = 5*s + k. What is the highest common factor of 30 and s?
30
Let w(q) = 5*q + 176. Let f be w(-11). Suppose 4*k = n - f, -k + 134 - 33 = n. Suppose 2*y = 3*y - 15. Calculate the greatest common factor of n and y.
15
Let a(u) = 18*u**2 + 3*u - 3. Let y be a(1). Let g = 77 + -5. Calculate the highest common factor of g and y.
18
Let v be 160/48 - ((-4)/(-3) - 1). Calculate the highest common divisor of v and 6.
3
Suppose 0 = -3*j + 3*r + 126, -3*r + 9 + 9 = 0. What is the greatest common factor of 1668 and j?
12
Let u = -13006 + 13016. Calculate the highest common factor of 3645 and u.
5
Let d = -207 - -198. Let h(c) = 2*c**2 + 14*c + 21. Let a be h(d). What is the highest common factor of 114 and a?
57
Let y be (-8)/10 + (-48)/(-10). Suppose 0 = -3*l + y + 2. Suppose l*d - 65 = -9. Calculate the highest common divisor of d and 56.
28
Suppose 6146 = -20*h - 1454. Let s = 446 + h. What is the greatest common factor of s and 110?
22
Let m = 301 + -297. Let w be m/5*(-24 - -84). What is the greatest common divisor of w and 18?
6
Let y be ((-66)/(-5) - 4)/(10*(-12)/(-5100)). What is the highest common divisor of y and 68?
17
Let y be (-2)/7*((-84)/(-196) - 52/7). Calculate the greatest common factor of y and 1354.
2
Let a(j) = -j**3 - 25*j**2 - 135*j + 18. Let p be a(-18). Calculate the greatest common factor of p and 4770.
90
Let t be (5004/(-288))/(1/(-16)). What is the greatest common factor of 139 and t?
139
Let b = 2704 - 2524. What is the highest common divisor of 6300 and b?
180
Let k(y) = 29*y + 2. Let f be k(1). Suppose f - 34 = -3*r. Let v be (-4)/r + (-66)/(-6). What is the greatest common divisor of v and 77?
7
Suppose 6 + 38 = 2*v. Let t = -40 + v. Let w be (-27)/6*t/(2/2). What is the greatest common divisor of 9 and w?
9
Let h(g) = -3*g**2 - 8*g**2 - 96 + 10*g**2 + 0*g + 23*g. Let b be h(15). Let v be 59*1 - (1 + -2). Calculate the greatest common factor of v and b.
12
Suppose 0 = -11*z + 344 - 91. Suppose -5*u = -2*g - 2*u + z, -5*u = -4*g + 41. Suppose -19 + 11 = -g*t. Calculate the greatest common factor of t and 2.
2
Suppose -68*v = -5*q - 64*v + 300, -v = -3*q + 180. What is the greatest common divisor of q and 2055?
15
Let j be (15/20)/((-18)/(-15584)) - 6/(-9). Calculate the highest common divisor of j and 700.
50
Let k(t) = -1966*t + 45. Let n be k(0). What is the highest common divisor of n and 801?
9
Let j be 1*-20*468/(-390). Let l be (-2)/(-5) - 14/10. Let h be -3 + (-4)/l - -11. What is the highest common factor of j and h?
12
Let j = -4744 + 5176. Calculate the highest common divisor of j and 768.
48
Suppose n = 2*m - 876, m - 444 = -53*n + 52*n. Suppose -s + 3*r + 13 = 0, -9*r + 7*r + 38 = 4*s. What is the greatest common factor of s and m?
10
Let r be 6 + 76 + (-1 - -9). Let u(x) = 31*x**3 - 1. Let p be u(1). What is the highest common factor of p and r?
30
Suppose 118*z + 2359 = 111*z. Let v = 339 + z. Calculate the highest common factor of 34 and v.
2
Suppose -3*i - 662 = -5*j, -5*i + 468 = j + 1590. Let o = i + 419. Calculate the greatest common factor of o and 39.
39
Suppose 18*g - 60 + 24 = 0. Let j be g/4*(-3 + (-36)/(-4)). Calculate the greatest common factor of j and 39.
3
Let b(o) be the second derivative of -13*o**3/2 + 25*o**2/2 + 5*o + 12. Let l be b(-1). Calculate the highest common factor of l and 320.
64
Let q = -6453 + 7787. What is the greatest common factor of 414 and q?
46
Let u be 90/110 - (2/(-11) + 0). Let k be (3/u)/(0 + 1 + 0). Suppose k*o + 4*j = 73, 5*o + 0*j - 112 = 3*j. Calculate the greatest common factor of o and 184.
23
Suppose 174*f - 282 = -2*t + 176*f, 5*f = 4*t - 558. What is the greatest common factor of t and 24?
3
Suppose -4*i - 22 = -2*m, 3*m = -0*m - 15. Let w be (-2)/8 - 34/i. Calculate the highest common factor of w and 14.
2
Suppose -4*l + 145 + 179 = 0. Let r be l + -1 - (-1 + 3). Suppose 2*t = 5*x + 92, -3*t - 5*x + r = -10. Calculate the greatest common divisor of 27 and t.
9
Suppose -3*d + 54 = -d. Let q be 15/(-50)*(0 + -4) - 1533/(-35). Calculate the highest common factor of q and d.
9
Suppose 2*n = 2*w + 1048, w - 24*n + 504 = -19*n. Let f = 610 + w. Calculate the highest common factor of f and 1296.
81
Suppose 10*t - 13*t - 14331 = -2*k, 4*k - 28634 = 2*t. Calculate the greatest common divisor of 15 and k.
15
Suppose -108 = -o - s, 0 = -o - 4*s - 17 + 110. Let c be (-3 - -2)*5 + 15 + o. What is the highest common divisor of c and 3?
3
Let t(j) be the first derivative of 0*j**2 - 13 - 4*j**2 + 52*j + 2*j**2 + j**2. Let k be t(22). Calculate the highest common divisor of 20 and k.
4
Let c be 190/5 - (0 - 5). Calculate the highest common factor of 6321 and c.
43
Let s = -391 - -619. Let h(o) = o**2 - 7*o - 2. Let f be h(8). Let l(d) = d**2 - 2*d - 5. Let z be l(f). Calculate the highest common divisor of z and s.
19
Let t = 10025 + -9896. Calculate the greatest common factor of 3053 and t.
43
Let i(w) = w**3 - 20*w**2 + 44*w - 39. Let n be i(17). Let u = n + 437. Calculate the highest common divisor of 31 and u.
31
Suppose 0 = -2899*w + 2886*w + 31772. Calculate the greatest common divisor of 156 and w.
52
Suppose -213 = -2*m + 4*r + 43, -2 = 2*r. Suppose 4*w + 97 = 9*w + 4*u, -3*u - 6 = 0. Suppose -2*o + w = -7. Calculate the highest common divisor of m and o.
14
Suppose 5*h = 11*j - 8*j + 8271, -5*j - 1641 = -h. Let d = -1128 + h. What is the highest common divisor of d and 66?
66
Suppose 1144*h + 4032 = 1368*h. Let c = 15 + 66. Calculate the greatest common divisor of c and h.
9
Suppose 18*p = 6 + 300. Let f be ((-4)/7)/(p/(-238)). What is the greatest common factor of f and 8?
8
Let m = 980 - 904. What is the greatest common divisor of 4351 and m?
19
Suppose 5*f + 4*c = 350, -345 = -5*f - 2*c - c. What is the highest common divisor of f and 1419?
33
Let i be 3*(((-8)/(24/(-197)) - 0) + 4). What is the highest common factor of 76 and i?
19
Let x = -141 + 267. Let g(p) = 2*p**3 - p**2 - 2*p - 3. Let b be g(3). Suppose x = 3*r - b. What is the greatest common divisor of 27 and r?
27
Let y be 7*(1 - (-3 + 3)). Let i be ((-52)/(-39))/(3796/756 + -5). Calculate the highest common divisor of i and y.
7
Let u(l) = 27*l**2 + 295*l - 229. Let f be u(-29). What is the highest common divisor of f and 238?
119
Let r(d) = d**3 - 6*d**2 + 3*d - 9. Let c be r(6). Suppose 0 = 5*u - 1 - c. Suppose -u*z + 7*z = 35. What is the greatest common factor of 28 and z?
7
Let r = 5350 - 4357. What is the greatest common factor of 3 and r?
3
Suppose -2*f = -8*f + 6. Let u(o) = 12*o. Let r(a) = -1. Let k(h) = r(h) + u(h). Let i be k(f). What is the greatest common factor of 55 and i?
11
Let g = 16055 - 15431. What is the highest common factor of 4134 and g?
78
Suppose 4*b = -b - 5, -4*x = -4*b - 28. Let d = x - 2. Let k be 20/(-16) - (-1)/(12/159). What is the highest common divisor of k and d?
4
Let j be (26 + 10)/(2/3). What is the greatest common factor of j and 198?
18
Let x = 4138 - 4134. Calculate the greatest common divisor of x and 433.
1
Suppose 0 = 2*a - 2*t - 12460, 7*a - 10*a + 18682 = t. What is the greatest common divisor of a and 12?
12
Suppose 5052 = 4*c - 9*n + 5*n, -2*c - 5*n + 2547 = 0. Calculate the highest common divisor of c and 30.
6
Let p = 586 - 584. Let o(q) = -q**2 - 5*q + 1. Let r be o(-4). Suppose d + 2*z = 5*z + 37, 4*z + 174 = r*d. What is the greatest common factor of p and d?
2
Let c = 4339 + -3781. Calculate the greatest common factor of c and 144.
18
Let o = 1533 + -1523. Let m(b) be the first derivative of 4*b**2 - 2. Let j be m(5). Calculate the greatest common divisor of j and o.
10
Let f = 653 + -645. What is the greatest common divisor of f and 904?
8
Suppose 3*b - 316 = 333*k - 334*k, -5*b + 523 = -2*k. What is the greatest common factor of b and 3000?
15
Suppose -5*x + 42 + 3 = 0. Let t(f) = -20*f + 3*f - f**3 + 107 - 10*f**2 - 106. Let r be t(-8). What is the highest common 